{"id":41104,"date":"2025-05-22T00:00:00","date_gmt":"2025-05-22T00:00:00","guid":{"rendered":"https:\/\/macatobiano.org\/publicacion\/una-especie-exotica-amenaza-la-biodiversidad-en-la-patagonia-y-preocupa-a-los-cientificos\/"},"modified":"2026-03-12T01:16:08","modified_gmt":"2026-03-12T01:16:08","slug":"una-especie-exotica-amenaza-la-biodiversidad-en-la-patagonia-y-preocupa-a-los-cientificos","status":"publish","type":"publicaciones","link":"https:\/\/macatobiano.org\/es\/publicacion\/una-especie-exotica-amenaza-la-biodiversidad-en-la-patagonia-y-preocupa-a-los-cientificos\/","title":{"rendered":"Una especie ex\u00f3tica amenaza la biodiversidad en la Patagonia y preocupa a los cient\u00edficos"},"content":{"rendered":"","protected":false},"featured_media":41053,"template":"","categoria-publicacion":[271],"class_list":["post-41104","publicaciones","type-publicaciones","status-publish","has-post-thumbnail","hentry","categoria-publicacion-en-los-medios"],"yoast_head":"<!-- This site is optimized with the Yoast SEO plugin v27.5 - https:\/\/yoast.com\/product\/yoast-seo-wordpress\/ -->\n<title>Una especie ex\u00f3tica amenaza la biodiversidad en la Patagonia y preocupa a los cient\u00edficos - Fundaci\u00f3n Mac\u00e1 Tobiano<\/title>\n<meta name=\"robots\" content=\"index, follow, max-snippet:-1, max-image-preview:large, max-video-preview:-1\" \/>\n<link rel=\"canonical\" href=\"https:\/\/macatobiano.org\/es\/publicacion\/una-especie-exotica-amenaza-la-biodiversidad-en-la-patagonia-y-preocupa-a-los-cientificos\/\" \/>\n<meta property=\"og:locale\" content=\"es_ES\" \/>\n<meta property=\"og:type\" content=\"article\" \/>\n<meta property=\"og:title\" content=\"Una especie ex\u00f3tica amenaza la biodiversidad en la Patagonia y preocupa a los cient\u00edficos - Fundaci\u00f3n Mac\u00e1 Tobiano\" \/>\n<meta property=\"og:url\" content=\"https:\/\/macatobiano.org\/es\/publicacion\/una-especie-exotica-amenaza-la-biodiversidad-en-la-patagonia-y-preocupa-a-los-cientificos\/\" \/>\n<meta property=\"og:site_name\" content=\"Fundaci\u00f3n Mac\u00e1 Tobiano\" \/>\n<meta property=\"article:publisher\" content=\"https:\/\/www.facebook.com\/fundacionmacatobiano\" \/>\n<meta property=\"article:modified_time\" content=\"2026-03-12T01:16:08+00:00\" \/>\n<meta property=\"og:image\" content=\"https:\/\/macatobiano.org\/wp-content\/uploads\/2026\/03\/medio213-Romina-Mansilla.webp\" \/>\n\t<meta property=\"og:image:width\" content=\"992\" \/>\n\t<meta property=\"og:image:height\" content=\"558\" \/>\n\t<meta property=\"og:image:type\" content=\"image\/webp\" \/>\n<meta name=\"twitter:card\" content=\"summary_large_image\" \/>\n<meta name=\"twitter:site\" content=\"@macatobiano_org\" \/>\n<script type=\"application\/ld+json\" class=\"yoast-schema-graph\">{\"@context\":\"https:\\\/\\\/schema.org\",\"@graph\":[{\"@type\":\"WebPage\",\"@id\":\"https:\\\/\\\/macatobiano.org\\\/es\\\/publicacion\\\/una-especie-exotica-amenaza-la-biodiversidad-en-la-patagonia-y-preocupa-a-los-cientificos\\\/\",\"url\":\"https:\\\/\\\/macatobiano.org\\\/es\\\/publicacion\\\/una-especie-exotica-amenaza-la-biodiversidad-en-la-patagonia-y-preocupa-a-los-cientificos\\\/\",\"name\":\"Una especie ex\u00f3tica amenaza la biodiversidad en la Patagonia y preocupa a los cient\u00edficos - Fundaci\u00f3n Mac\u00e1 Tobiano\",\"isPartOf\":{\"@id\":\"https:\\\/\\\/macatobiano.org\\\/es\\\/#website\"},\"primaryImageOfPage\":{\"@id\":\"https:\\\/\\\/macatobiano.org\\\/es\\\/publicacion\\\/una-especie-exotica-amenaza-la-biodiversidad-en-la-patagonia-y-preocupa-a-los-cientificos\\\/#primaryimage\"},\"image\":{\"@id\":\"https:\\\/\\\/macatobiano.org\\\/es\\\/publicacion\\\/una-especie-exotica-amenaza-la-biodiversidad-en-la-patagonia-y-preocupa-a-los-cientificos\\\/#primaryimage\"},\"thumbnailUrl\":\"https:\\\/\\\/macatobiano.org\\\/wp-content\\\/uploads\\\/2026\\\/03\\\/medio213-Romina-Mansilla.webp\",\"datePublished\":\"2025-05-22T00:00:00+00:00\",\"dateModified\":\"2026-03-12T01:16:08+00:00\",\"breadcrumb\":{\"@id\":\"https:\\\/\\\/macatobiano.org\\\/es\\\/publicacion\\\/una-especie-exotica-amenaza-la-biodiversidad-en-la-patagonia-y-preocupa-a-los-cientificos\\\/#breadcrumb\"},\"inLanguage\":\"es\",\"potentialAction\":[{\"@type\":\"ReadAction\",\"target\":[\"https:\\\/\\\/macatobiano.org\\\/es\\\/publicacion\\\/una-especie-exotica-amenaza-la-biodiversidad-en-la-patagonia-y-preocupa-a-los-cientificos\\\/\"]}]},{\"@type\":\"ImageObject\",\"inLanguage\":\"es\",\"@id\":\"https:\\\/\\\/macatobiano.org\\\/es\\\/publicacion\\\/una-especie-exotica-amenaza-la-biodiversidad-en-la-patagonia-y-preocupa-a-los-cientificos\\\/#primaryimage\",\"url\":\"https:\\\/\\\/macatobiano.org\\\/wp-content\\\/uploads\\\/2026\\\/03\\\/medio213-Romina-Mansilla.webp\",\"contentUrl\":\"https:\\\/\\\/macatobiano.org\\\/wp-content\\\/uploads\\\/2026\\\/03\\\/medio213-Romina-Mansilla.webp\",\"width\":992,\"height\":558,\"caption\":\"Romina Mansilla\"},{\"@type\":\"BreadcrumbList\",\"@id\":\"https:\\\/\\\/macatobiano.org\\\/es\\\/publicacion\\\/una-especie-exotica-amenaza-la-biodiversidad-en-la-patagonia-y-preocupa-a-los-cientificos\\\/#breadcrumb\",\"itemListElement\":[{\"@type\":\"ListItem\",\"position\":1,\"name\":\"Portada\",\"item\":\"https:\\\/\\\/macatobiano.org\\\/es\\\/\"},{\"@type\":\"ListItem\",\"position\":2,\"name\":\"Publicaciones\",\"item\":\"https:\\\/\\\/macatobiano.org\\\/es\\\/publicacion\\\/\"},{\"@type\":\"ListItem\",\"position\":3,\"name\":\"Una especie ex\u00f3tica amenaza la biodiversidad en la Patagonia y preocupa a los cient\u00edficos\"}]},{\"@type\":\"WebSite\",\"@id\":\"https:\\\/\\\/macatobiano.org\\\/es\\\/#website\",\"url\":\"https:\\\/\\\/macatobiano.org\\\/es\\\/\",\"name\":\"Fundaci\u00f3n Mac\u00e1 Tobiano\",\"description\":\"Somos la Fundaci\u00f3n Mac\u00e1 Tobiano. Trabajamos para la conservaci\u00f3n de la biodiversidad patag\u00f3nica Argentina.\",\"publisher\":{\"@id\":\"https:\\\/\\\/macatobiano.org\\\/es\\\/#organization\"},\"alternateName\":\"Fundaci\u00f3n Mac\u00e1 Tobiano\",\"potentialAction\":[{\"@type\":\"SearchAction\",\"target\":{\"@type\":\"EntryPoint\",\"urlTemplate\":\"https:\\\/\\\/macatobiano.org\\\/es\\\/?s={search_term_string}\"},\"query-input\":{\"@type\":\"PropertyValueSpecification\",\"valueRequired\":true,\"valueName\":\"search_term_string\"}}],\"inLanguage\":\"es\"},{\"@type\":\"Organization\",\"@id\":\"https:\\\/\\\/macatobiano.org\\\/es\\\/#organization\",\"name\":\"Fundaci\u00f3n Mac\u00e1 Tobiano\",\"alternateName\":\"Fundaci\u00f3n Mac\u00e1 Tobiano\",\"url\":\"https:\\\/\\\/macatobiano.org\\\/es\\\/\",\"logo\":{\"@type\":\"ImageObject\",\"inLanguage\":\"es\",\"@id\":\"https:\\\/\\\/macatobiano.org\\\/es\\\/#\\\/schema\\\/logo\\\/image\\\/\",\"url\":\"https:\\\/\\\/macatobiano.org\\\/wp-content\\\/uploads\\\/2025\\\/07\\\/Flavicon-fmt.png\",\"contentUrl\":\"https:\\\/\\\/macatobiano.org\\\/wp-content\\\/uploads\\\/2025\\\/07\\\/Flavicon-fmt.png\",\"width\":512,\"height\":513,\"caption\":\"Fundaci\u00f3n Mac\u00e1 Tobiano\"},\"image\":{\"@id\":\"https:\\\/\\\/macatobiano.org\\\/es\\\/#\\\/schema\\\/logo\\\/image\\\/\"},\"sameAs\":[\"https:\\\/\\\/www.facebook.com\\\/fundacionmacatobiano\",\"https:\\\/\\\/x.com\\\/macatobiano_org\",\"https:\\\/\\\/www.instagram.com\\\/fundacionmacatobiano\",\"https:\\\/\\\/www.youtube.com\\\/@fundacionmacatobiano\"]}]}<\/script>\n<!-- \/ Yoast SEO plugin. -->","yoast_head_json":{"title":"Una especie ex\u00f3tica amenaza la biodiversidad en la Patagonia y preocupa a los cient\u00edficos - Fundaci\u00f3n Mac\u00e1 Tobiano","robots":{"index":"index","follow":"follow","max-snippet":"max-snippet:-1","max-image-preview":"max-image-preview:large","max-video-preview":"max-video-preview:-1"},"canonical":"https:\/\/macatobiano.org\/es\/publicacion\/una-especie-exotica-amenaza-la-biodiversidad-en-la-patagonia-y-preocupa-a-los-cientificos\/","og_locale":"es_ES","og_type":"article","og_title":"Una especie ex\u00f3tica amenaza la biodiversidad en la Patagonia y preocupa a los cient\u00edficos - Fundaci\u00f3n Mac\u00e1 Tobiano","og_url":"https:\/\/macatobiano.org\/es\/publicacion\/una-especie-exotica-amenaza-la-biodiversidad-en-la-patagonia-y-preocupa-a-los-cientificos\/","og_site_name":"Fundaci\u00f3n Mac\u00e1 Tobiano","article_publisher":"https:\/\/www.facebook.com\/fundacionmacatobiano","article_modified_time":"2026-03-12T01:16:08+00:00","og_image":[{"width":992,"height":558,"url":"https:\/\/macatobiano.org\/wp-content\/uploads\/2026\/03\/medio213-Romina-Mansilla.webp","type":"image\/webp"}],"twitter_card":"summary_large_image","twitter_site":"@macatobiano_org","schema":{"@context":"https:\/\/schema.org","@graph":[{"@type":"WebPage","@id":"https:\/\/macatobiano.org\/es\/publicacion\/una-especie-exotica-amenaza-la-biodiversidad-en-la-patagonia-y-preocupa-a-los-cientificos\/","url":"https:\/\/macatobiano.org\/es\/publicacion\/una-especie-exotica-amenaza-la-biodiversidad-en-la-patagonia-y-preocupa-a-los-cientificos\/","name":"Una especie ex\u00f3tica amenaza la biodiversidad en la Patagonia y preocupa a los cient\u00edficos - Fundaci\u00f3n Mac\u00e1 Tobiano","isPartOf":{"@id":"https:\/\/macatobiano.org\/es\/#website"},"primaryImageOfPage":{"@id":"https:\/\/macatobiano.org\/es\/publicacion\/una-especie-exotica-amenaza-la-biodiversidad-en-la-patagonia-y-preocupa-a-los-cientificos\/#primaryimage"},"image":{"@id":"https:\/\/macatobiano.org\/es\/publicacion\/una-especie-exotica-amenaza-la-biodiversidad-en-la-patagonia-y-preocupa-a-los-cientificos\/#primaryimage"},"thumbnailUrl":"https:\/\/macatobiano.org\/wp-content\/uploads\/2026\/03\/medio213-Romina-Mansilla.webp","datePublished":"2025-05-22T00:00:00+00:00","dateModified":"2026-03-12T01:16:08+00:00","breadcrumb":{"@id":"https:\/\/macatobiano.org\/es\/publicacion\/una-especie-exotica-amenaza-la-biodiversidad-en-la-patagonia-y-preocupa-a-los-cientificos\/#breadcrumb"},"inLanguage":"es","potentialAction":[{"@type":"ReadAction","target":["https:\/\/macatobiano.org\/es\/publicacion\/una-especie-exotica-amenaza-la-biodiversidad-en-la-patagonia-y-preocupa-a-los-cientificos\/"]}]},{"@type":"ImageObject","inLanguage":"es","@id":"https:\/\/macatobiano.org\/es\/publicacion\/una-especie-exotica-amenaza-la-biodiversidad-en-la-patagonia-y-preocupa-a-los-cientificos\/#primaryimage","url":"https:\/\/macatobiano.org\/wp-content\/uploads\/2026\/03\/medio213-Romina-Mansilla.webp","contentUrl":"https:\/\/macatobiano.org\/wp-content\/uploads\/2026\/03\/medio213-Romina-Mansilla.webp","width":992,"height":558,"caption":"Romina Mansilla"},{"@type":"BreadcrumbList","@id":"https:\/\/macatobiano.org\/es\/publicacion\/una-especie-exotica-amenaza-la-biodiversidad-en-la-patagonia-y-preocupa-a-los-cientificos\/#breadcrumb","itemListElement":[{"@type":"ListItem","position":1,"name":"Portada","item":"https:\/\/macatobiano.org\/es\/"},{"@type":"ListItem","position":2,"name":"Publicaciones","item":"https:\/\/macatobiano.org\/es\/publicacion\/"},{"@type":"ListItem","position":3,"name":"Una especie ex\u00f3tica amenaza la biodiversidad en la Patagonia y preocupa a los cient\u00edficos"}]},{"@type":"WebSite","@id":"https:\/\/macatobiano.org\/es\/#website","url":"https:\/\/macatobiano.org\/es\/","name":"Fundaci\u00f3n Mac\u00e1 Tobiano","description":"Somos la Fundaci\u00f3n Mac\u00e1 Tobiano. Trabajamos para la conservaci\u00f3n de la biodiversidad patag\u00f3nica Argentina.","publisher":{"@id":"https:\/\/macatobiano.org\/es\/#organization"},"alternateName":"Fundaci\u00f3n Mac\u00e1 Tobiano","potentialAction":[{"@type":"SearchAction","target":{"@type":"EntryPoint","urlTemplate":"https:\/\/macatobiano.org\/es\/?s={search_term_string}"},"query-input":{"@type":"PropertyValueSpecification","valueRequired":true,"valueName":"search_term_string"}}],"inLanguage":"es"},{"@type":"Organization","@id":"https:\/\/macatobiano.org\/es\/#organization","name":"Fundaci\u00f3n Mac\u00e1 Tobiano","alternateName":"Fundaci\u00f3n Mac\u00e1 Tobiano","url":"https:\/\/macatobiano.org\/es\/","logo":{"@type":"ImageObject","inLanguage":"es","@id":"https:\/\/macatobiano.org\/es\/#\/schema\/logo\/image\/","url":"https:\/\/macatobiano.org\/wp-content\/uploads\/2025\/07\/Flavicon-fmt.png","contentUrl":"https:\/\/macatobiano.org\/wp-content\/uploads\/2025\/07\/Flavicon-fmt.png","width":512,"height":513,"caption":"Fundaci\u00f3n Mac\u00e1 Tobiano"},"image":{"@id":"https:\/\/macatobiano.org\/es\/#\/schema\/logo\/image\/"},"sameAs":["https:\/\/www.facebook.com\/fundacionmacatobiano","https:\/\/x.com\/macatobiano_org","https:\/\/www.instagram.com\/fundacionmacatobiano","https:\/\/www.youtube.com\/@fundacionmacatobiano"]}]}},"_links":{"self":[{"href":"https:\/\/macatobiano.org\/es\/wp-json\/wp\/v2\/publicaciones\/41104","targetHints":{"allow":["GET"]}}],"collection":[{"href":"https:\/\/macatobiano.org\/es\/wp-json\/wp\/v2\/publicaciones"}],"about":[{"href":"https:\/\/macatobiano.org\/es\/wp-json\/wp\/v2\/types\/publicaciones"}],"version-history":[{"count":1,"href":"https:\/\/macatobiano.org\/es\/wp-json\/wp\/v2\/publicaciones\/41104\/revisions"}],"predecessor-version":[{"id":41105,"href":"https:\/\/macatobiano.org\/es\/wp-json\/wp\/v2\/publicaciones\/41104\/revisions\/41105"}],"wp:featuredmedia":[{"embeddable":true,"href":"https:\/\/macatobiano.org\/es\/wp-json\/wp\/v2\/media\/41053"}],"wp:attachment":[{"href":"https:\/\/macatobiano.org\/es\/wp-json\/wp\/v2\/media?parent=41104"}],"wp:term":[{"taxonomy":"categoria-publicacion","embeddable":true,"href":"https:\/\/macatobiano.org\/es\/wp-json\/wp\/v2\/categoria-publicacion?post=41104"}],"curies":[{"name":"wp","href":"https:\/\/api.w.org\/{rel}","templated":true}]}}

Una especie exótica amenaza la biodiversidad en la Patagonia y preocupa a los científicos

<!-- This site is optimized with the Yoast SEO plugin v27.5 - https://yoast.com/product/yoast-seo-wordpress/ -->
<title>Una especie exótica amenaza la biodiversidad en la Patagonia y preocupa a los científicos - Fundación Macá Tobiano</title>
<meta name="robots" content="index, follow, max-snippet:-1, max-image-preview:large, max-video-preview:-1" />
<link rel="canonical" href="https://macatobiano.org/es/publicacion/una-especie-exotica-amenaza-la-biodiversidad-en-la-patagonia-y-preocupa-a-los-cientificos/" />
<meta property="og:locale" content="es_ES" />
<meta property="og:type" content="article" />
<meta property="og:title" content="Una especie exótica amenaza la biodiversidad en la Patagonia y preocupa a los científicos - Fundación Macá Tobiano" />
<meta property="og:url" content="https://macatobiano.org/es/publicacion/una-especie-exotica-amenaza-la-biodiversidad-en-la-patagonia-y-preocupa-a-los-cientificos/" />
<meta property="og:site_name" content="Fundación Macá Tobiano" />
<meta property="article:publisher" content="https://www.facebook.com/fundacionmacatobiano" />
<meta property="article:modified_time" content="2026-03-12T01:16:08+00:00" />
<meta property="og:image" content="https://macatobiano.org/wp-content/uploads/2026/03/medio213-Romina-Mansilla.webp" />
	<meta property="og:image:width" content="992" />
	<meta property="og:image:height" content="558" />
	<meta property="og:image:type" content="image/webp" />
<meta name="twitter:card" content="summary_large_image" />
<meta name="twitter:site" content="@macatobiano_org" />
<script type="application/ld+json" class="yoast-schema-graph">{"@context":"https:\/\/schema.org","@graph":[{"@type":"WebPage","@id":"https:\/\/macatobiano.org\/es\/publicacion\/una-especie-exotica-amenaza-la-biodiversidad-en-la-patagonia-y-preocupa-a-los-cientificos\/","url":"https:\/\/macatobiano.org\/es\/publicacion\/una-especie-exotica-amenaza-la-biodiversidad-en-la-patagonia-y-preocupa-a-los-cientificos\/","name":"Una especie exótica amenaza la biodiversidad en la Patagonia y preocupa a los científicos - Fundación Macá Tobiano","isPartOf":{"@id":"https:\/\/macatobiano.org\/es\/#website"},"primaryImageOfPage":{"@id":"https:\/\/macatobiano.org\/es\/publicacion\/una-especie-exotica-amenaza-la-biodiversidad-en-la-patagonia-y-preocupa-a-los-cientificos\/#primaryimage"},"image":{"@id":"https:\/\/macatobiano.org\/es\/publicacion\/una-especie-exotica-amenaza-la-biodiversidad-en-la-patagonia-y-preocupa-a-los-cientificos\/#primaryimage"},"thumbnailUrl":"https:\/\/macatobiano.org\/wp-content\/uploads\/2026\/03\/medio213-Romina-Mansilla.webp","datePublished":"2025-05-22T00:00:00+00:00","dateModified":"2026-03-12T01:16:08+00:00","breadcrumb":{"@id":"https:\/\/macatobiano.org\/es\/publicacion\/una-especie-exotica-amenaza-la-biodiversidad-en-la-patagonia-y-preocupa-a-los-cientificos\/#breadcrumb"},"inLanguage":"es","potentialAction":[{"@type":"ReadAction","target":["https:\/\/macatobiano.org\/es\/publicacion\/una-especie-exotica-amenaza-la-biodiversidad-en-la-patagonia-y-preocupa-a-los-cientificos\/"]}]},{"@type":"ImageObject","inLanguage":"es","@id":"https:\/\/macatobiano.org\/es\/publicacion\/una-especie-exotica-amenaza-la-biodiversidad-en-la-patagonia-y-preocupa-a-los-cientificos\/#primaryimage","url":"https:\/\/macatobiano.org\/wp-content\/uploads\/2026\/03\/medio213-Romina-Mansilla.webp","contentUrl":"https:\/\/macatobiano.org\/wp-content\/uploads\/2026\/03\/medio213-Romina-Mansilla.webp","width":992,"height":558,"caption":"Romina Mansilla"},{"@type":"BreadcrumbList","@id":"https:\/\/macatobiano.org\/es\/publicacion\/una-especie-exotica-amenaza-la-biodiversidad-en-la-patagonia-y-preocupa-a-los-cientificos\/#breadcrumb","itemListElement":[{"@type":"ListItem","position":1,"name":"Portada","item":"https:\/\/macatobiano.org\/es\/"},{"@type":"ListItem","position":2,"name":"Publicaciones","item":"https:\/\/macatobiano.org\/es\/publicacion\/"},{"@type":"ListItem","position":3,"name":"Una especie exótica amenaza la biodiversidad en la Patagonia y preocupa a los científicos"}]},{"@type":"WebSite","@id":"https:\/\/macatobiano.org\/es\/#website","url":"https:\/\/macatobiano.org\/es\/","name":"Fundación Macá Tobiano","description":"Somos la Fundación Macá Tobiano. Trabajamos para la conservación de la biodiversidad patagónica Argentina.","publisher":{"@id":"https:\/\/macatobiano.org\/es\/#organization"},"alternateName":"Fundación Macá Tobiano","potentialAction":[{"@type":"SearchAction","target":{"@type":"EntryPoint","urlTemplate":"https:\/\/macatobiano.org\/es\/?s={search_term_string}"},"query-input":{"@type":"PropertyValueSpecification","valueRequired":true,"valueName":"search_term_string"}}],"inLanguage":"es"},{"@type":"Organization","@id":"https:\/\/macatobiano.org\/es\/#organization","name":"Fundación Macá Tobiano","alternateName":"Fundación Macá Tobiano","url":"https:\/\/macatobiano.org\/es\/","logo":{"@type":"ImageObject","inLanguage":"es","@id":"https:\/\/macatobiano.org\/es\/#\/schema\/logo\/image\/","url":"https:\/\/macatobiano.org\/wp-content\/uploads\/2025\/07\/Flavicon-fmt.png","contentUrl":"https:\/\/macatobiano.org\/wp-content\/uploads\/2025\/07\/Flavicon-fmt.png","width":512,"height":513,"caption":"Fundación Macá Tobiano"},"image":{"@id":"https:\/\/macatobiano.org\/es\/#\/schema\/logo\/image\/"},"sameAs":["https:\/\/www.facebook.com\/fundacionmacatobiano","https:\/\/x.com\/macatobiano_org","https:\/\/www.instagram.com\/fundacionmacatobiano","https:\/\/www.youtube.com\/@fundacionmacatobiano"]}]}</script>
<!-- / Yoast SEO plugin. -->

Una especie exótica amenaza la biodiversidad en la Patagonia y preocupa a los científicos - Fundación Macá Tobiano

Fundación Macá Tobiano

Somos la Fundación Macá Tobiano. Trabajamos para la conservación de la biodiversidad patagónica Argentina.
