{"id":32827,"date":"2023-01-13T00:00:00","date_gmt":"2023-01-13T00:00:00","guid":{"rendered":"https:\/\/macatobiano.org\/publicaciones\/lali-fasola-el-vison-es-una-especie-introducida-llego-a-donde-no-tenia-que-estar\/"},"modified":"2025-09-20T00:23:07","modified_gmt":"2025-09-20T00:23:07","slug":"lali-fasola-el-vison-es-una-especie-introducida-llego-a-donde-no-tenia-que-estar","status":"publish","type":"publicaciones","link":"https:\/\/macatobiano.org\/es\/publicacion\/lali-fasola-el-vison-es-una-especie-introducida-llego-a-donde-no-tenia-que-estar\/","title":{"rendered":"Lali Fasola: \u00abEl vis\u00f3n es una especie introducida, lleg\u00f3 a d\u00f3nde no ten\u00eda que estar\u00bb"},"content":{"rendered":"","protected":false},"featured_media":31219,"template":"","categoria-publicacion":[271],"class_list":["post-32827","publicaciones","type-publicaciones","status-publish","has-post-thumbnail","hentry","categoria-publicacion-en-los-medios"],"yoast_head":"<!-- This site is optimized with the Yoast SEO plugin v27.5 - https:\/\/yoast.com\/product\/yoast-seo-wordpress\/ -->\n<title>Lali Fasola: &quot;El vis\u00f3n es una especie introducida, lleg\u00f3 a d\u00f3nde no ten\u00eda que estar&quot;<\/title>\n<meta name=\"robots\" content=\"index, follow, max-snippet:-1, max-image-preview:large, max-video-preview:-1\" \/>\n<link rel=\"canonical\" href=\"https:\/\/macatobiano.org\/es\/publicacion\/lali-fasola-el-vison-es-una-especie-introducida-llego-a-donde-no-tenia-que-estar\/\" \/>\n<meta property=\"og:locale\" content=\"es_ES\" \/>\n<meta property=\"og:type\" content=\"article\" \/>\n<meta property=\"og:title\" content=\"Lali Fasola: &quot;El vis\u00f3n es una especie introducida, lleg\u00f3 a d\u00f3nde no ten\u00eda que estar&quot;\" \/>\n<meta property=\"og:url\" content=\"https:\/\/macatobiano.org\/es\/publicacion\/lali-fasola-el-vison-es-una-especie-introducida-llego-a-donde-no-tenia-que-estar\/\" \/>\n<meta property=\"og:site_name\" content=\"Fundaci\u00f3n Mac\u00e1 Tobiano\" \/>\n<meta property=\"article:publisher\" content=\"https:\/\/www.facebook.com\/fundacionmacatobiano\" \/>\n<meta property=\"article:modified_time\" content=\"2025-09-20T00:23:07+00:00\" \/>\n<meta property=\"og:image\" content=\"https:\/\/macatobiano.org\/wp-content\/uploads\/2025\/07\/newMedios082-23-01-13-Sergio-Moya.webp\" \/>\n\t<meta property=\"og:image:width\" content=\"800\" \/>\n\t<meta property=\"og:image:height\" content=\"776\" \/>\n\t<meta property=\"og:image:type\" content=\"image\/webp\" \/>\n<meta name=\"twitter:card\" content=\"summary_large_image\" \/>\n<meta name=\"twitter:site\" content=\"@macatobiano_org\" \/>\n<meta name=\"twitter:label1\" content=\"Tiempo de lectura\" \/>\n\t<meta name=\"twitter:data1\" content=\"1 minuto\" \/>\n<script type=\"application\/ld+json\" class=\"yoast-schema-graph\">{\"@context\":\"https:\\\/\\\/schema.org\",\"@graph\":[{\"@type\":\"WebPage\",\"@id\":\"https:\\\/\\\/macatobiano.org\\\/es\\\/publicacion\\\/lali-fasola-el-vison-es-una-especie-introducida-llego-a-donde-no-tenia-que-estar\\\/\",\"url\":\"https:\\\/\\\/macatobiano.org\\\/es\\\/publicacion\\\/lali-fasola-el-vison-es-una-especie-introducida-llego-a-donde-no-tenia-que-estar\\\/\",\"name\":\"Lali Fasola: \\\"El vis\u00f3n es una especie introducida, lleg\u00f3 a d\u00f3nde no ten\u00eda que estar\\\"\",\"isPartOf\":{\"@id\":\"https:\\\/\\\/macatobiano.org\\\/es\\\/#website\"},\"primaryImageOfPage\":{\"@id\":\"https:\\\/\\\/macatobiano.org\\\/es\\\/publicacion\\\/lali-fasola-el-vison-es-una-especie-introducida-llego-a-donde-no-tenia-que-estar\\\/#primaryimage\"},\"image\":{\"@id\":\"https:\\\/\\\/macatobiano.org\\\/es\\\/publicacion\\\/lali-fasola-el-vison-es-una-especie-introducida-llego-a-donde-no-tenia-que-estar\\\/#primaryimage\"},\"thumbnailUrl\":\"https:\\\/\\\/macatobiano.org\\\/wp-content\\\/uploads\\\/2025\\\/07\\\/newMedios082-23-01-13-Sergio-Moya.webp\",\"datePublished\":\"2023-01-13T00:00:00+00:00\",\"dateModified\":\"2025-09-20T00:23:07+00:00\",\"breadcrumb\":{\"@id\":\"https:\\\/\\\/macatobiano.org\\\/es\\\/publicacion\\\/lali-fasola-el-vison-es-una-especie-introducida-llego-a-donde-no-tenia-que-estar\\\/#breadcrumb\"},\"inLanguage\":\"es\",\"potentialAction\":[{\"@type\":\"ReadAction\",\"target\":[\"https:\\\/\\\/macatobiano.org\\\/es\\\/publicacion\\\/lali-fasola-el-vison-es-una-especie-introducida-llego-a-donde-no-tenia-que-estar\\\/\"]}]},{\"@type\":\"ImageObject\",\"inLanguage\":\"es\",\"@id\":\"https:\\\/\\\/macatobiano.org\\\/es\\\/publicacion\\\/lali-fasola-el-vison-es-una-especie-introducida-llego-a-donde-no-tenia-que-estar\\\/#primaryimage\",\"url\":\"https:\\\/\\\/macatobiano.org\\\/wp-content\\\/uploads\\\/2025\\\/07\\\/newMedios082-23-01-13-Sergio-Moya.webp\",\"contentUrl\":\"https:\\\/\\\/macatobiano.org\\\/wp-content\\\/uploads\\\/2025\\\/07\\\/newMedios082-23-01-13-Sergio-Moya.webp\",\"width\":800,\"height\":776,\"caption\":\"Sergio Moya\"},{\"@type\":\"BreadcrumbList\",\"@id\":\"https:\\\/\\\/macatobiano.org\\\/es\\\/publicacion\\\/lali-fasola-el-vison-es-una-especie-introducida-llego-a-donde-no-tenia-que-estar\\\/#breadcrumb\",\"itemListElement\":[{\"@type\":\"ListItem\",\"position\":1,\"name\":\"Portada\",\"item\":\"https:\\\/\\\/macatobiano.org\\\/es\\\/\"},{\"@type\":\"ListItem\",\"position\":2,\"name\":\"Publicaciones\",\"item\":\"https:\\\/\\\/macatobiano.org\\\/es\\\/publicacion\\\/\"},{\"@type\":\"ListItem\",\"position\":3,\"name\":\"Lali Fasola: \u00abEl vis\u00f3n es una especie introducida, lleg\u00f3 a d\u00f3nde no ten\u00eda que estar\u00bb\"}]},{\"@type\":\"WebSite\",\"@id\":\"https:\\\/\\\/macatobiano.org\\\/es\\\/#website\",\"url\":\"https:\\\/\\\/macatobiano.org\\\/es\\\/\",\"name\":\"Fundaci\u00f3n Mac\u00e1 Tobiano\",\"description\":\"Somos la Fundaci\u00f3n Mac\u00e1 Tobiano. Trabajamos para la conservaci\u00f3n de la biodiversidad patag\u00f3nica Argentina.\",\"publisher\":{\"@id\":\"https:\\\/\\\/macatobiano.org\\\/es\\\/#organization\"},\"alternateName\":\"Fundaci\u00f3n Mac\u00e1 Tobiano\",\"potentialAction\":[{\"@type\":\"SearchAction\",\"target\":{\"@type\":\"EntryPoint\",\"urlTemplate\":\"https:\\\/\\\/macatobiano.org\\\/es\\\/?s={search_term_string}\"},\"query-input\":{\"@type\":\"PropertyValueSpecification\",\"valueRequired\":true,\"valueName\":\"search_term_string\"}}],\"inLanguage\":\"es\"},{\"@type\":\"Organization\",\"@id\":\"https:\\\/\\\/macatobiano.org\\\/es\\\/#organization\",\"name\":\"Fundaci\u00f3n Mac\u00e1 Tobiano\",\"alternateName\":\"Fundaci\u00f3n Mac\u00e1 Tobiano\",\"url\":\"https:\\\/\\\/macatobiano.org\\\/es\\\/\",\"logo\":{\"@type\":\"ImageObject\",\"inLanguage\":\"es\",\"@id\":\"https:\\\/\\\/macatobiano.org\\\/es\\\/#\\\/schema\\\/logo\\\/image\\\/\",\"url\":\"https:\\\/\\\/macatobiano.org\\\/wp-content\\\/uploads\\\/2025\\\/07\\\/Flavicon-fmt.png\",\"contentUrl\":\"https:\\\/\\\/macatobiano.org\\\/wp-content\\\/uploads\\\/2025\\\/07\\\/Flavicon-fmt.png\",\"width\":512,\"height\":513,\"caption\":\"Fundaci\u00f3n Mac\u00e1 Tobiano\"},\"image\":{\"@id\":\"https:\\\/\\\/macatobiano.org\\\/es\\\/#\\\/schema\\\/logo\\\/image\\\/\"},\"sameAs\":[\"https:\\\/\\\/www.facebook.com\\\/fundacionmacatobiano\",\"https:\\\/\\\/x.com\\\/macatobiano_org\",\"https:\\\/\\\/www.instagram.com\\\/fundacionmacatobiano\",\"https:\\\/\\\/www.youtube.com\\\/@fundacionmacatobiano\"]}]}<\/script>\n<!-- \/ Yoast SEO plugin. -->","yoast_head_json":{"title":"Lali Fasola: \"El vis\u00f3n es una especie introducida, lleg\u00f3 a d\u00f3nde no ten\u00eda que estar\"","robots":{"index":"index","follow":"follow","max-snippet":"max-snippet:-1","max-image-preview":"max-image-preview:large","max-video-preview":"max-video-preview:-1"},"canonical":"https:\/\/macatobiano.org\/es\/publicacion\/lali-fasola-el-vison-es-una-especie-introducida-llego-a-donde-no-tenia-que-estar\/","og_locale":"es_ES","og_type":"article","og_title":"Lali Fasola: \"El vis\u00f3n es una especie introducida, lleg\u00f3 a d\u00f3nde no ten\u00eda que estar\"","og_url":"https:\/\/macatobiano.org\/es\/publicacion\/lali-fasola-el-vison-es-una-especie-introducida-llego-a-donde-no-tenia-que-estar\/","og_site_name":"Fundaci\u00f3n Mac\u00e1 Tobiano","article_publisher":"https:\/\/www.facebook.com\/fundacionmacatobiano","article_modified_time":"2025-09-20T00:23:07+00:00","og_image":[{"width":800,"height":776,"url":"https:\/\/macatobiano.org\/wp-content\/uploads\/2025\/07\/newMedios082-23-01-13-Sergio-Moya.webp","type":"image\/webp"}],"twitter_card":"summary_large_image","twitter_site":"@macatobiano_org","twitter_misc":{"Tiempo de lectura":"1 minuto"},"schema":{"@context":"https:\/\/schema.org","@graph":[{"@type":"WebPage","@id":"https:\/\/macatobiano.org\/es\/publicacion\/lali-fasola-el-vison-es-una-especie-introducida-llego-a-donde-no-tenia-que-estar\/","url":"https:\/\/macatobiano.org\/es\/publicacion\/lali-fasola-el-vison-es-una-especie-introducida-llego-a-donde-no-tenia-que-estar\/","name":"Lali Fasola: \"El vis\u00f3n es una especie introducida, lleg\u00f3 a d\u00f3nde no ten\u00eda que estar\"","isPartOf":{"@id":"https:\/\/macatobiano.org\/es\/#website"},"primaryImageOfPage":{"@id":"https:\/\/macatobiano.org\/es\/publicacion\/lali-fasola-el-vison-es-una-especie-introducida-llego-a-donde-no-tenia-que-estar\/#primaryimage"},"image":{"@id":"https:\/\/macatobiano.org\/es\/publicacion\/lali-fasola-el-vison-es-una-especie-introducida-llego-a-donde-no-tenia-que-estar\/#primaryimage"},"thumbnailUrl":"https:\/\/macatobiano.org\/wp-content\/uploads\/2025\/07\/newMedios082-23-01-13-Sergio-Moya.webp","datePublished":"2023-01-13T00:00:00+00:00","dateModified":"2025-09-20T00:23:07+00:00","breadcrumb":{"@id":"https:\/\/macatobiano.org\/es\/publicacion\/lali-fasola-el-vison-es-una-especie-introducida-llego-a-donde-no-tenia-que-estar\/#breadcrumb"},"inLanguage":"es","potentialAction":[{"@type":"ReadAction","target":["https:\/\/macatobiano.org\/es\/publicacion\/lali-fasola-el-vison-es-una-especie-introducida-llego-a-donde-no-tenia-que-estar\/"]}]},{"@type":"ImageObject","inLanguage":"es","@id":"https:\/\/macatobiano.org\/es\/publicacion\/lali-fasola-el-vison-es-una-especie-introducida-llego-a-donde-no-tenia-que-estar\/#primaryimage","url":"https:\/\/macatobiano.org\/wp-content\/uploads\/2025\/07\/newMedios082-23-01-13-Sergio-Moya.webp","contentUrl":"https:\/\/macatobiano.org\/wp-content\/uploads\/2025\/07\/newMedios082-23-01-13-Sergio-Moya.webp","width":800,"height":776,"caption":"Sergio Moya"},{"@type":"BreadcrumbList","@id":"https:\/\/macatobiano.org\/es\/publicacion\/lali-fasola-el-vison-es-una-especie-introducida-llego-a-donde-no-tenia-que-estar\/#breadcrumb","itemListElement":[{"@type":"ListItem","position":1,"name":"Portada","item":"https:\/\/macatobiano.org\/es\/"},{"@type":"ListItem","position":2,"name":"Publicaciones","item":"https:\/\/macatobiano.org\/es\/publicacion\/"},{"@type":"ListItem","position":3,"name":"Lali Fasola: \u00abEl vis\u00f3n es una especie introducida, lleg\u00f3 a d\u00f3nde no ten\u00eda que estar\u00bb"}]},{"@type":"WebSite","@id":"https:\/\/macatobiano.org\/es\/#website","url":"https:\/\/macatobiano.org\/es\/","name":"Fundaci\u00f3n Mac\u00e1 Tobiano","description":"Somos la Fundaci\u00f3n Mac\u00e1 Tobiano. Trabajamos para la conservaci\u00f3n de la biodiversidad patag\u00f3nica Argentina.","publisher":{"@id":"https:\/\/macatobiano.org\/es\/#organization"},"alternateName":"Fundaci\u00f3n Mac\u00e1 Tobiano","potentialAction":[{"@type":"SearchAction","target":{"@type":"EntryPoint","urlTemplate":"https:\/\/macatobiano.org\/es\/?s={search_term_string}"},"query-input":{"@type":"PropertyValueSpecification","valueRequired":true,"valueName":"search_term_string"}}],"inLanguage":"es"},{"@type":"Organization","@id":"https:\/\/macatobiano.org\/es\/#organization","name":"Fundaci\u00f3n Mac\u00e1 Tobiano","alternateName":"Fundaci\u00f3n Mac\u00e1 Tobiano","url":"https:\/\/macatobiano.org\/es\/","logo":{"@type":"ImageObject","inLanguage":"es","@id":"https:\/\/macatobiano.org\/es\/#\/schema\/logo\/image\/","url":"https:\/\/macatobiano.org\/wp-content\/uploads\/2025\/07\/Flavicon-fmt.png","contentUrl":"https:\/\/macatobiano.org\/wp-content\/uploads\/2025\/07\/Flavicon-fmt.png","width":512,"height":513,"caption":"Fundaci\u00f3n Mac\u00e1 Tobiano"},"image":{"@id":"https:\/\/macatobiano.org\/es\/#\/schema\/logo\/image\/"},"sameAs":["https:\/\/www.facebook.com\/fundacionmacatobiano","https:\/\/x.com\/macatobiano_org","https:\/\/www.instagram.com\/fundacionmacatobiano","https:\/\/www.youtube.com\/@fundacionmacatobiano"]}]}},"_links":{"self":[{"href":"https:\/\/macatobiano.org\/es\/wp-json\/wp\/v2\/publicaciones\/32827","targetHints":{"allow":["GET"]}}],"collection":[{"href":"https:\/\/macatobiano.org\/es\/wp-json\/wp\/v2\/publicaciones"}],"about":[{"href":"https:\/\/macatobiano.org\/es\/wp-json\/wp\/v2\/types\/publicaciones"}],"version-history":[{"count":1,"href":"https:\/\/macatobiano.org\/es\/wp-json\/wp\/v2\/publicaciones\/32827\/revisions"}],"predecessor-version":[{"id":36483,"href":"https:\/\/macatobiano.org\/es\/wp-json\/wp\/v2\/publicaciones\/32827\/revisions\/36483"}],"wp:featuredmedia":[{"embeddable":true,"href":"https:\/\/macatobiano.org\/es\/wp-json\/wp\/v2\/media\/31219"}],"wp:attachment":[{"href":"https:\/\/macatobiano.org\/es\/wp-json\/wp\/v2\/media?parent=32827"}],"wp:term":[{"taxonomy":"categoria-publicacion","embeddable":true,"href":"https:\/\/macatobiano.org\/es\/wp-json\/wp\/v2\/categoria-publicacion?post=32827"}],"curies":[{"name":"wp","href":"https:\/\/api.w.org\/{rel}","templated":true}]}}

Lali Fasola: «El visón es una especie introducida, llegó a dónde no tenía que estar»

<!-- This site is optimized with the Yoast SEO plugin v27.5 - https://yoast.com/product/yoast-seo-wordpress/ -->
<title>Lali Fasola: &quot;El visón es una especie introducida, llegó a dónde no tenía que estar&quot;</title>
<meta name="robots" content="index, follow, max-snippet:-1, max-image-preview:large, max-video-preview:-1" />
<link rel="canonical" href="https://macatobiano.org/es/publicacion/lali-fasola-el-vison-es-una-especie-introducida-llego-a-donde-no-tenia-que-estar/" />
<meta property="og:locale" content="es_ES" />
<meta property="og:type" content="article" />
<meta property="og:title" content="Lali Fasola: &quot;El visón es una especie introducida, llegó a dónde no tenía que estar&quot;" />
<meta property="og:url" content="https://macatobiano.org/es/publicacion/lali-fasola-el-vison-es-una-especie-introducida-llego-a-donde-no-tenia-que-estar/" />
<meta property="og:site_name" content="Fundación Macá Tobiano" />
<meta property="article:publisher" content="https://www.facebook.com/fundacionmacatobiano" />
<meta property="article:modified_time" content="2025-09-20T00:23:07+00:00" />
<meta property="og:image" content="https://macatobiano.org/wp-content/uploads/2025/07/newMedios082-23-01-13-Sergio-Moya.webp" />
	<meta property="og:image:width" content="800" />
	<meta property="og:image:height" content="776" />
	<meta property="og:image:type" content="image/webp" />
<meta name="twitter:card" content="summary_large_image" />
<meta name="twitter:site" content="@macatobiano_org" />
<meta name="twitter:label1" content="Tiempo de lectura" />
	<meta name="twitter:data1" content="1 minuto" />
<script type="application/ld+json" class="yoast-schema-graph">{"@context":"https:\/\/schema.org","@graph":[{"@type":"WebPage","@id":"https:\/\/macatobiano.org\/es\/publicacion\/lali-fasola-el-vison-es-una-especie-introducida-llego-a-donde-no-tenia-que-estar\/","url":"https:\/\/macatobiano.org\/es\/publicacion\/lali-fasola-el-vison-es-una-especie-introducida-llego-a-donde-no-tenia-que-estar\/","name":"Lali Fasola: \"El visón es una especie introducida, llegó a dónde no tenía que estar\"","isPartOf":{"@id":"https:\/\/macatobiano.org\/es\/#website"},"primaryImageOfPage":{"@id":"https:\/\/macatobiano.org\/es\/publicacion\/lali-fasola-el-vison-es-una-especie-introducida-llego-a-donde-no-tenia-que-estar\/#primaryimage"},"image":{"@id":"https:\/\/macatobiano.org\/es\/publicacion\/lali-fasola-el-vison-es-una-especie-introducida-llego-a-donde-no-tenia-que-estar\/#primaryimage"},"thumbnailUrl":"https:\/\/macatobiano.org\/wp-content\/uploads\/2025\/07\/newMedios082-23-01-13-Sergio-Moya.webp","datePublished":"2023-01-13T00:00:00+00:00","dateModified":"2025-09-20T00:23:07+00:00","breadcrumb":{"@id":"https:\/\/macatobiano.org\/es\/publicacion\/lali-fasola-el-vison-es-una-especie-introducida-llego-a-donde-no-tenia-que-estar\/#breadcrumb"},"inLanguage":"es","potentialAction":[{"@type":"ReadAction","target":["https:\/\/macatobiano.org\/es\/publicacion\/lali-fasola-el-vison-es-una-especie-introducida-llego-a-donde-no-tenia-que-estar\/"]}]},{"@type":"ImageObject","inLanguage":"es","@id":"https:\/\/macatobiano.org\/es\/publicacion\/lali-fasola-el-vison-es-una-especie-introducida-llego-a-donde-no-tenia-que-estar\/#primaryimage","url":"https:\/\/macatobiano.org\/wp-content\/uploads\/2025\/07\/newMedios082-23-01-13-Sergio-Moya.webp","contentUrl":"https:\/\/macatobiano.org\/wp-content\/uploads\/2025\/07\/newMedios082-23-01-13-Sergio-Moya.webp","width":800,"height":776,"caption":"Sergio Moya"},{"@type":"BreadcrumbList","@id":"https:\/\/macatobiano.org\/es\/publicacion\/lali-fasola-el-vison-es-una-especie-introducida-llego-a-donde-no-tenia-que-estar\/#breadcrumb","itemListElement":[{"@type":"ListItem","position":1,"name":"Portada","item":"https:\/\/macatobiano.org\/es\/"},{"@type":"ListItem","position":2,"name":"Publicaciones","item":"https:\/\/macatobiano.org\/es\/publicacion\/"},{"@type":"ListItem","position":3,"name":"Lali Fasola: «El visón es una especie introducida, llegó a dónde no tenía que estar»"}]},{"@type":"WebSite","@id":"https:\/\/macatobiano.org\/es\/#website","url":"https:\/\/macatobiano.org\/es\/","name":"Fundación Macá Tobiano","description":"Somos la Fundación Macá Tobiano. Trabajamos para la conservación de la biodiversidad patagónica Argentina.","publisher":{"@id":"https:\/\/macatobiano.org\/es\/#organization"},"alternateName":"Fundación Macá Tobiano","potentialAction":[{"@type":"SearchAction","target":{"@type":"EntryPoint","urlTemplate":"https:\/\/macatobiano.org\/es\/?s={search_term_string}"},"query-input":{"@type":"PropertyValueSpecification","valueRequired":true,"valueName":"search_term_string"}}],"inLanguage":"es"},{"@type":"Organization","@id":"https:\/\/macatobiano.org\/es\/#organization","name":"Fundación Macá Tobiano","alternateName":"Fundación Macá Tobiano","url":"https:\/\/macatobiano.org\/es\/","logo":{"@type":"ImageObject","inLanguage":"es","@id":"https:\/\/macatobiano.org\/es\/#\/schema\/logo\/image\/","url":"https:\/\/macatobiano.org\/wp-content\/uploads\/2025\/07\/Flavicon-fmt.png","contentUrl":"https:\/\/macatobiano.org\/wp-content\/uploads\/2025\/07\/Flavicon-fmt.png","width":512,"height":513,"caption":"Fundación Macá Tobiano"},"image":{"@id":"https:\/\/macatobiano.org\/es\/#\/schema\/logo\/image\/"},"sameAs":["https:\/\/www.facebook.com\/fundacionmacatobiano","https:\/\/x.com\/macatobiano_org","https:\/\/www.instagram.com\/fundacionmacatobiano","https:\/\/www.youtube.com\/@fundacionmacatobiano"]}]}</script>
<!-- / Yoast SEO plugin. -->

Lali Fasola: "El visón es una especie introducida, llegó a dónde no tenía que estar"

Fundación Macá Tobiano

Somos la Fundación Macá Tobiano. Trabajamos para la conservación de la biodiversidad patagónica Argentina.
